{"id":5677,"date":"2018-07-28T19:48:52","date_gmt":"2018-07-28T18:48:52","guid":{"rendered":"https:\/\/christophethibierge.com\/blogthib\/?page_id=5677"},"modified":"2021-05-01T11:37:53","modified_gmt":"2021-05-01T10:37:53","slug":"lectures-romans","status":"publish","type":"page","link":"https:\/\/christophethibierge.com\/blogthib\/developpement-personnel\/lectures-romans\/","title":{"rendered":"Romans &#038; lectures en d\u00e9veloppement personnel"},"content":{"rendered":"<p style=\"text-align: right;\">Retour \u00e0 <a href=\"https:\/\/christophethibierge.com\/blogthib\/developpement-personnel\/\">D\u00e9veloppement Personnel<\/a><\/p>\n<p><strong>Romans<\/strong><\/p>\n<p>Paulo Coelho &#8211; <a href=\"https:\/\/amzn.to\/2Ag9JNY\">L&rsquo;alchimiste<\/a><\/p>\n<p>Laurent Gounelle &#8211; <a href=\"https:\/\/amzn.to\/2LktSYp\">L&rsquo;homme qui voulait \u00eatre heureux<\/a><\/p>\n<p>Fr\u00e9d\u00e9ric Lenoir &#8211; <a href=\"https:\/\/amzn.to\/2OoRpoU\">L&rsquo;\u00e2me du monde<\/a><\/p>\n<p>John Steinbeck &#8211; <a href=\"https:\/\/amzn.to\/2uZIKRK\">Une saison am\u00e8re<\/a><\/p>\n<p><strong>Lectures \u00e0 picorer<\/strong><\/p>\n<p>Paulo Coelho &#8211; <a href=\"https:\/\/amzn.to\/2Ag9JNY\">Manuel du guerrier de la lumi\u00e8re<\/a><\/p>\n<p>Pascal Fauliot &#8211; <a href=\"https:\/\/amzn.to\/2OrP8cu\">Contes des sages tao\u00efstes<\/a><\/p>\n<p><strong>Essais et autobiographies<\/strong><\/p>\n<p>Carl Gustav Jung &#8211; <a href=\"https:\/\/amzn.to\/2mR2keo\">Ma vie<\/a><\/p>\n<p>Fr\u00e9d\u00e9ric Lenoir &#8211; <a href=\"https:\/\/amzn.to\/2LLO5WC\">Petit trait\u00e9 de vie int\u00e9rieure<\/a><\/p>\n<p>David Servan Schreiber &#8211; <a href=\"https:\/\/amzn.to\/2mOJnJu\">Gu\u00e9rir<\/a><\/p>\n<p>P. Watzlawick et al.- <a href=\"https:\/\/amzn.to\/2uY0e14\">Changements<\/a><\/p>\n","protected":false},"excerpt":{"rendered":"<p>Retour \u00e0 D\u00e9veloppement Personnel Romans Paulo Coelho &#8211; L&rsquo;alchimiste Laurent Gounelle &#8211; L&rsquo;homme qui voulait \u00eatre heureux Fr\u00e9d\u00e9ric Lenoir &#8211; L&rsquo;\u00e2me du monde John Steinbeck &#8211; Une saison am\u00e8re Lectures \u00e0 picorer Paulo Coelho &#8211; Manuel du guerrier de la &hellip; <a href=\"https:\/\/christophethibierge.com\/blogthib\/developpement-personnel\/lectures-romans\/\">Continuer la lecture <span class=\"meta-nav\">&rarr;<\/span><\/a><\/p>\n","protected":false},"author":1,"featured_media":0,"parent":5125,"menu_order":0,"comment_status":"closed","ping_status":"closed","template":"","meta":{"footnotes":""},"class_list":["post-5677","page","type-page","status-publish","hentry"],"_links":{"self":[{"href":"https:\/\/christophethibierge.com\/blogthib\/wp-json\/wp\/v2\/pages\/5677","targetHints":{"allow":["GET"]}}],"collection":[{"href":"https:\/\/christophethibierge.com\/blogthib\/wp-json\/wp\/v2\/pages"}],"about":[{"href":"https:\/\/christophethibierge.com\/blogthib\/wp-json\/wp\/v2\/types\/page"}],"author":[{"embeddable":true,"href":"https:\/\/christophethibierge.com\/blogthib\/wp-json\/wp\/v2\/users\/1"}],"replies":[{"embeddable":true,"href":"https:\/\/christophethibierge.com\/blogthib\/wp-json\/wp\/v2\/comments?post=5677"}],"version-history":[{"count":5,"href":"https:\/\/christophethibierge.com\/blogthib\/wp-json\/wp\/v2\/pages\/5677\/revisions"}],"predecessor-version":[{"id":6239,"href":"https:\/\/christophethibierge.com\/blogthib\/wp-json\/wp\/v2\/pages\/5677\/revisions\/6239"}],"up":[{"embeddable":true,"href":"https:\/\/christophethibierge.com\/blogthib\/wp-json\/wp\/v2\/pages\/5125"}],"wp:attachment":[{"href":"https:\/\/christophethibierge.com\/blogthib\/wp-json\/wp\/v2\/media?parent=5677"}],"curies":[{"name":"wp","href":"https:\/\/api.w.org\/{rel}","templated":true}]}}