{"id":5639,"date":"2018-07-26T18:26:23","date_gmt":"2018-07-26T17:26:23","guid":{"rendered":"https:\/\/christophethibierge.com\/blogthib\/?page_id=5639"},"modified":"2018-07-29T08:17:32","modified_gmt":"2018-07-29T07:17:32","slug":"pnl-programmation-neuro-linguistique","status":"publish","type":"page","link":"https:\/\/christophethibierge.com\/blogthib\/developpement-personnel\/pnl-programmation-neuro-linguistique\/","title":{"rendered":"PNL (programmation neuro linguistique)"},"content":{"rendered":"<p style=\"text-align: right;\">Retour \u00e0 <a href=\"https:\/\/christophethibierge.com\/blogthib\/developpement-personnel\/\">D\u00e9veloppement Personnel<\/a><\/p>\n<p><strong>Sources et r\u00e9f\u00e9rences pour la Programmation Neuro Linguistique (PNL)<\/strong><\/p>\n<ul>\n<li>Les personnes fondatrices de la PNL sont <a href=\"https:\/\/fr.wikipedia.org\/wiki\/John_Grinder\">John Grinder<\/a> et <a href=\"https:\/\/fr.wikipedia.org\/wiki\/Richard_Bandler\">Richard Bandler<\/a>. Dans la PNL dite de \u00ab\u00a02\u00e8me g\u00e9n\u00e9ration\u00a0\u00bb, <a href=\"https:\/\/fr.wikipedia.org\/wiki\/Robert_Dilts\">Robert Dilts<\/a> est le nom le plus connu.<\/li>\n<li>Anthony Robbins est le nom le plus connu \u00ab\u00a0commercialement\u00a0\u00bb, avec son <a href=\"https:\/\/amzn.to\/2LGGuIS\">livre best-seller<\/a>, (ce livre vaut la peine d&rsquo;\u00eatre lu, tout en se souvenant que la PNL se pratique avant tout), <a href=\"http:\/\/www.amazon.fr\/exec\/obidos\/ASIN\/B000APAMSK\/sitecompdelouvrf\/\">ses nombreux autres livres et ressources<\/a>, et ses <a href=\"https:\/\/www.tonyrobbins.com\/\">s\u00e9minaires<\/a>. Anthony Robbins est probablement un exemple tautologique de ce que la PNL peut apporter en terme de succ\u00e8s&#8230; et de <a href=\"http:\/\/www.psychologies.com\/Therapies\/Developpement-personnel\/Epanouissement\/Articles-et-Dossiers\/Le-show-Tony-Robbins-une-foule-sous-influence\">critiques<\/a>.<\/li>\n<li>Dans une version moins \u00ab\u00a0nord-am\u00e9ricaine\u00a0\u00bb, il existe des centres de formation \u00e0 la PNL \u00e0 Paris qui sont relativement r\u00e9put\u00e9s&#8230; et beaucoup moins cat\u00e9goriques dans leur discours. L&rsquo;avantage de ces centres de formation est qu&rsquo;ils sont orient\u00e9s \u00ab\u00a0mise en pratique imm\u00e9diate\u00a0\u00bb, donc on apprend en faisant.\n<ul>\n<li>Je suis personnellement pass\u00e9 par l&rsquo;<a href=\"http:\/\/www.institut-repere.com\/\">Institut Rep\u00e8res<\/a>, qui a tr\u00e8s bonne r\u00e9putation dans la profession du coaching.<\/li>\n<li>L&rsquo;autre grand nom est <a href=\"http:\/\/www.ifpnl.fr\/\">L&rsquo;institut fran\u00e7ais de la PNL<\/a>, qui a \u00e9t\u00e9 le premier centre historique \u00e0 proposer des formations \u00e0 la PNL \u00e0 Paris.<\/li>\n<li>Ces deux centres de formation proposent r\u00e9guli\u00e8rement des conf\u00e9rences gratuites et\/ou des soir\u00e9es d\u00e9couvertes.<\/li>\n<\/ul>\n<\/li>\n<\/ul>\n<ul>\n<li><a href=\"https:\/\/fr.wikipedia.org\/wiki\/Programmation_neuro-linguistique\">L&rsquo;article de wikipedia Fr<\/a>. Cet article n&rsquo;est probablement pas neutre. Il a les m\u00e9rites (oppos\u00e9s) de :<\/li>\n<\/ul>\n<ol>\n<li>pr\u00e9senter relativement relativement exhaustivement ce qu&rsquo;est la PNL et<\/li>\n<li>de pr\u00e9senter des critiques sur la d\u00e9marche et la m\u00e9thode (\u00ab\u00a0pseudo-science\u00a0\u00bb, voire \u00ab\u00a0secte\u00a0\u00bb). \u00c0 noter que l&rsquo;article <a href=\"https:\/\/en.wikipedia.org\/wiki\/Neuro-linguistic_programming\">Wikipedia Eng<\/a> est encore plus critique (\u00ab\u00a0NLP has been discredited scientifically\u00a0\u00bb).<\/li>\n<\/ol>\n","protected":false},"excerpt":{"rendered":"<p>Retour \u00e0 D\u00e9veloppement Personnel Sources et r\u00e9f\u00e9rences pour la Programmation Neuro Linguistique (PNL) Les personnes fondatrices de la PNL sont John Grinder et Richard Bandler. Dans la PNL dite de \u00ab\u00a02\u00e8me g\u00e9n\u00e9ration\u00a0\u00bb, Robert Dilts est le nom le plus connu. &hellip; <a href=\"https:\/\/christophethibierge.com\/blogthib\/developpement-personnel\/pnl-programmation-neuro-linguistique\/\">Continuer la lecture <span class=\"meta-nav\">&rarr;<\/span><\/a><\/p>\n","protected":false},"author":1,"featured_media":0,"parent":5125,"menu_order":0,"comment_status":"closed","ping_status":"closed","template":"","meta":{"footnotes":""},"class_list":["post-5639","page","type-page","status-publish","hentry"],"_links":{"self":[{"href":"https:\/\/christophethibierge.com\/blogthib\/wp-json\/wp\/v2\/pages\/5639","targetHints":{"allow":["GET"]}}],"collection":[{"href":"https:\/\/christophethibierge.com\/blogthib\/wp-json\/wp\/v2\/pages"}],"about":[{"href":"https:\/\/christophethibierge.com\/blogthib\/wp-json\/wp\/v2\/types\/page"}],"author":[{"embeddable":true,"href":"https:\/\/christophethibierge.com\/blogthib\/wp-json\/wp\/v2\/users\/1"}],"replies":[{"embeddable":true,"href":"https:\/\/christophethibierge.com\/blogthib\/wp-json\/wp\/v2\/comments?post=5639"}],"version-history":[{"count":5,"href":"https:\/\/christophethibierge.com\/blogthib\/wp-json\/wp\/v2\/pages\/5639\/revisions"}],"predecessor-version":[{"id":5700,"href":"https:\/\/christophethibierge.com\/blogthib\/wp-json\/wp\/v2\/pages\/5639\/revisions\/5700"}],"up":[{"embeddable":true,"href":"https:\/\/christophethibierge.com\/blogthib\/wp-json\/wp\/v2\/pages\/5125"}],"wp:attachment":[{"href":"https:\/\/christophethibierge.com\/blogthib\/wp-json\/wp\/v2\/media?parent=5639"}],"curies":[{"name":"wp","href":"https:\/\/api.w.org\/{rel}","templated":true}]}}