{"id":2,"date":"2012-01-14T22:49:46","date_gmt":"2012-01-14T21:49:46","guid":{"rendered":"https:\/\/christophethibierge.com\/CTF\/?page_id=2"},"modified":"2024-02-03T16:06:44","modified_gmt":"2024-02-03T15:06:44","slug":"accueil","status":"publish","type":"page","link":"https:\/\/christophethibierge.com\/CTF\/","title":{"rendered":"Accueil"},"content":{"rendered":"\n<h5 class=\"wp-block-heading\"><em>\u00ab\u00a0Excellent livre. De loin, le meilleur. Bien meilleur que tout un tas de professeurs de finance et de bouquins de 500 pages. Si seulement j&rsquo;avais eu un prof de finance comme lui !\u00a0\u00bb (<a href=\"https:\/\/www.amazon.fr\/exec\/obidos\/ASIN\/2311006630\/sitecompdelouvrf\/#customerReviews\">commentaire sur Amazon<\/a>). Pour commenter l&rsquo;\u00e9dition en cours, <a href=\"https:\/\/www.amazon.fr\/ap\/signin?openid.pape.max_auth_age=3600&amp;openid.return_to=https%3A%2F%2Fwww.amazon.fr%2Freview%2Fcreate-review%2Fref%3Dcm_cr_othr_d_wr_but_top%3Fchannel%3Dglance-detail%26asin%3D2311413503%26ie%3DUTF8&amp;openid.identity=http%3A%2F%2Fspecs.openid.net%2Fauth%2F2.0%2Fidentifier_select&amp;openid.assoc_handle=amzn_scarface_mobile_fr&amp;openid.mode=checkid_setup&amp;language=fr_FR&amp;openid.claimed_id=http%3A%2F%2Fspecs.openid.net%2Fauth%2F2.0%2Fidentifier_select&amp;pageId=login&amp;openid.ns=http%3A%2F%2Fspecs.openid.net%2Fauth%2F2.0\">c&rsquo;est ici<\/a>.<\/em><\/h5>\n\n\n<div class=\"wp-block-image\">\n<figure class=\"alignleft size-full is-resized\"><a href=\"https:\/\/christophethibierge.com\/CTF\/wp-content\/uploads\/2024\/02\/CTF5Ed.png\"><img loading=\"lazy\" decoding=\"async\" width=\"515\" height=\"757\" src=\"https:\/\/christophethibierge.com\/CTF\/wp-content\/uploads\/2024\/02\/CTF5Ed.png\" alt=\"\" class=\"wp-image-633\" style=\"width:220px;height:auto\" srcset=\"https:\/\/christophethibierge.com\/CTF\/wp-content\/uploads\/2024\/02\/CTF5Ed.png 515w, https:\/\/christophethibierge.com\/CTF\/wp-content\/uploads\/2024\/02\/CTF5Ed-204x300.png 204w\" sizes=\"auto, (max-width: 515px) 100vw, 515px\" \/><\/a><\/figure>\n<\/div>\n\n\n<p><span style=\"color: #ff0000;\"><strong>Bienvenue sur Comprendretoutelafinance.com<\/strong><\/span>, site Internet de support \u00e0 l&rsquo;ouvrage \u00ab\u00a0<a href=\"https:\/\/www.amazon.fr\/gp\/product\/231140699X\/ref=as_li_tl?ie=UTF8&amp;tag=sitecompdelouvrf&amp;camp=1642&amp;creative=6746&amp;linkCode=as2&amp;creativeASIN=231140699X&amp;linkId=7fcc6d1905294b3c441b7a2727c1506a\">Comprendre toute la finance<\/a>\u00a0\u00bb (5\u00e8me \u00e9dition, 2024, publi\u00e9 chez Vuibert), \u00e9crit par <strong><a href=\"https:\/\/www.linkedin.com\/in\/christophe-thibierge\/\">Christophe Thibierge<\/a><\/strong>, professeur de finance \u00e0 <a href=\"https:\/\/fr.wikipedia.org\/wiki\/ESCP_Business_School\">ESCP <\/a><a href=\"https:\/\/fr.wikipedia.org\/wiki\/ESCP_Europe\">Business School<\/a>.<\/p>\n\n\n\n<p><strong>Ce site contient<\/strong><\/p>\n\n\n\n<ul class=\"wp-block-list\">\n<li><a title=\"Le livre\" href=\"https:\/\/christophethibierge.com\/CTF\/le-livre\/\">Une pr\u00e9sentation du livre<\/a><\/li>\n\n\n\n<li><a href=\"https:\/\/christophethibierge.com\/CTF\/articles-blog\/\">Des articles<\/a><\/li>\n\n\n\n<li><a title=\"Ressources\" href=\"https:\/\/christophethibierge.com\/CTF\/ressources\/\">Des ressources li\u00e9es \u00e0 l&rsquo;ouvrage<\/a><\/li>\n\n\n\n<li><a href=\"https:\/\/christophethibierge.com\/CTF\/category\/humourrr\/\">Des bonu<\/a>s et une information sur <a href=\"https:\/\/christophethibierge.com\/CTF\/category\/medias\/\">la couverture m\u00e9dia initiale de l&rsquo;ouvrage<\/a><\/li>\n\n\n\n<li><strong><a href=\"https:\/\/christophethibierge.com\/CTF\/questions-reponses\/\">Des questions-r\u00e9ponses et un acc\u00e8s aux corrig\u00e9s<\/a><\/strong> \u2013 \u00e0 vous de contribuer !<\/li>\n<\/ul>\n","protected":false},"excerpt":{"rendered":"<p>\u00ab\u00a0Excellent livre. De loin, le meilleur. Bien meilleur que tout un tas de professeurs de finance et de bouquins de 500 pages. Si seulement j&rsquo;avais eu un prof de finance comme lui !\u00a0\u00bb (commentaire sur Amazon). Pour commenter l&rsquo;\u00e9dition en &hellip; <a href=\"https:\/\/christophethibierge.com\/CTF\/\">Continuer la lecture <span class=\"meta-nav\">&rarr;<\/span><\/a><\/p>\n","protected":false},"author":1,"featured_media":0,"parent":0,"menu_order":0,"comment_status":"open","ping_status":"closed","template":"","meta":{"footnotes":""},"class_list":["post-2","page","type-page","status-publish","hentry"],"_links":{"self":[{"href":"https:\/\/christophethibierge.com\/CTF\/wp-json\/wp\/v2\/pages\/2","targetHints":{"allow":["GET"]}}],"collection":[{"href":"https:\/\/christophethibierge.com\/CTF\/wp-json\/wp\/v2\/pages"}],"about":[{"href":"https:\/\/christophethibierge.com\/CTF\/wp-json\/wp\/v2\/types\/page"}],"author":[{"embeddable":true,"href":"https:\/\/christophethibierge.com\/CTF\/wp-json\/wp\/v2\/users\/1"}],"replies":[{"embeddable":true,"href":"https:\/\/christophethibierge.com\/CTF\/wp-json\/wp\/v2\/comments?post=2"}],"version-history":[{"count":37,"href":"https:\/\/christophethibierge.com\/CTF\/wp-json\/wp\/v2\/pages\/2\/revisions"}],"predecessor-version":[{"id":640,"href":"https:\/\/christophethibierge.com\/CTF\/wp-json\/wp\/v2\/pages\/2\/revisions\/640"}],"wp:attachment":[{"href":"https:\/\/christophethibierge.com\/CTF\/wp-json\/wp\/v2\/media?parent=2"}],"curies":[{"name":"wp","href":"https:\/\/api.w.org\/{rel}","templated":true}]}}